j(-8)?
2
Suppose 5*r + 5*a + 35 = 0, -2*r + 6 + 1 = -5*a. Let c = r - -3. What is the tens digit of c + -1 - 39/(-3)?
1
Let u be (-2)/7 - 9/(-7). What is the units digit of 0 - u - (4 + -17)?
2
Let n(q) = q**3 + 6*q**2 - 2*q - 4. What is the tens digit of n(-5)?
3
Suppose -8*s + 2*z + 22 = -4*s, -2*s + 16 = -2*z. Suppose 2*u = 5*g, 0*u + 4*g + 7 = s*u. What is the units digit of u?
5
Suppose 5*h + 2*k - 7*k = 160, -4*h + 128 = -3*k. What is the units digit of h?
2
Let t(y) = 22*y**2 + 4*y. What is the tens digit of t(2)?
9
Suppose -3*k + 41 = -103. What is the units digit of k?
8
Let j be 124/16 + 3/(-4). Let m(f) = 2*f**3 - 5*f - f**3 - j*f**2 - 2 + 5*f**2. What is the units digit of m(4)?
0
Let m(c) = -c**2 + 6*c. Let o be m(5). Suppose -6*i + o*i + 21 = 0. What is the units digit of 6/21 - (-141)/i?
7
Let w(j) = -9*j. Let p be 6/(-2)*(-8)/(-6). Let o be w(p). Suppose -o = -9*g + 5*g. What is the units digit of g?
9
Suppose -5*a - 218 = -o + 17, -a + 753 = 3*o. What is the tens digit of o?
5
Let x(v) = v**3 - 7*v**2 + 5*v + 7. Let w be x(6). Suppose 0 = 2*q - 59 - w. What is the units digit of q?
0
Let d(p) = -p - 6. Let s be d(-10). Suppose -s*f = 3*h - 36, 0 = 5*f - 3*h - 6 - 12. What is the units digit of f?
6
Suppose 21 = 3*s - 5*k, -3*s + 2*s + k = -7. Suppose -5*u + 31 + 0 = m, -2*m + s = -u. Suppose f = m*f - 5. What is the units digit of f?
1
Suppose -4*a + 14 = d + d, -4*d = -4*a + 20. What is the units digit of 17 - -1 - (d - -1)?
8
Let s(n) = n**3 + 16*n**2 + 11*n - 14. What is the units digit of s(-6)?
0
Suppose 4*p + 140 = 4*j, -j - 2*j + 108 = -4*p. What is the tens digit of j?
3
What is the tens digit of -3 + -2 + 68 + -17?
4
What is the tens digit of 38/(-2 + 4 - 0)?
1
Suppose -7 - 1 = -g. What is the units digit of (-2)/g - 52/(-16)?
3
Let u(w) = w + 10. Let n(b) = 13*b + 3. Let q(a) = 7*a + 1. Let x(t) = 6*n(t) - 11*q(t). Let g be x(-7). What is the tens digit of u(g)?
1
Let d(j) = j**2 - 3*j + 12. What is the units digit of d(0)?
2
Let m = 147 - 102. Suppose 7*j - m = 2*j. What is the units digit of j?
9
Suppose -5*w - 10 = -5*b + 435, -5*w = -3*b + 265. What is the tens digit of b?
9
Suppose -d - 1 = -5. Suppose -5*u - t = -d*u - 13, 5*u - 53 = -2*t. What is the units digit of u?
9
What is the units digit of 120 + (3 + -1 - 7)?
5
Suppose -4*m = -20, m - 7 = 5*r - 2. Suppose -4*d - 24 + 4 = r. Let q = d - -9. What is the units digit of q?
4
Let n be (-2)/8 + 74/8. Suppose 2*v = 3*v + n. Let y = 13 + v. What is the units digit of y?
4
Suppose -40 = -4*o - 4*d - 0*d, 0 = 3*o - d - 34. Suppose -4 - o = -5*r. Suppose -1 = t + 2*z - 6, -3*t + r*z + 51 = 0. What is the units digit of t?
3
Suppose 0 = 5*l - 8*l + 3. Let d = 7 - l. Suppose u - t = d*u - 31, -u = t - 3. What is the units digit of u?
7
Suppose -72 = -2*r - 2*r. Let z = r - 12. Suppose -2*h + 0*c = 4*c - z, 0 = h + 4*c - 5. What is the units digit of h?
1
Let x = -5 + 8. Let f(b) = 5*b**2 + 0*b - x + 5 + b**3 + 3*b. What is the tens digit of f(-3)?
1
Let s = -102 - -222. What is the tens digit of s?
2
Suppose 0*w = -3*g - 4*w - 43, -3*w = -g - 23. Let z = g - -32. What is the units digit of z?
5
Let c = -15 + 38. What is the units digit of c?
3
Suppose 4*a = -2*o + 2*a + 486, -4*a = -4*o + 988. What is the tens digit of o?
4
Let l be (0/1)/(-1 - 0). Suppose l = 2*u - 24. Suppose 2*p - u + 0 = 0. What is the units digit of p?
6
Suppose 0 = 15*s - 1808 + 113. What is the units digit of s?
3
Let p be 1 + (1 - (3 - 2)). Let r = 6 - p. What is the units digit of r?
5
Let i(r) = -r**3 - r**2 + 2*r + 25. What is the units digit of i(0)?
5
Suppose 11*o - 2310 = -3*o. What is the tens digit of o?
6
Let n be (-1)/5 + 5/25. Suppose -2*w + 108 = -3*j, -j + 1 + 1 = n. Suppose 5*v - w + 12 = 0. What is the units digit of v?
9
Suppose 3*s = s - 5*y + 27, s = y + 3. Suppose 5*l + 3*q + 7 = 0, -2*q - 3*q - 25 = -5*l. Let b = l + s. What is the units digit of b?
7
Let s be -2*124/(-8) + 3. Let z = s - 16. What is the units digit of z?
8
Suppose p + 5*s = 24, 2*p - 36 + 0 = -4*s. Let x = 2 - 9. Let k = x + p. What is the units digit of k?
7
Let y(b) = 2*b - 12. What is the units digit of y(10)?
8
Suppose u = -2*n - 2*u + 16, -14 = n - 4*u. Suppose -3*z + n = -7. Suppose 2*v = -v + 2*p, -z*v + 9 = p. What is the units digit of v?
2
What is the units digit of ((-432)/(-7) - 2) + 2/7?
0
Let h(q) = -q**3 + 5*q**2 - 3*q + 3. Let n be h(4). Let s be 4/(-14) - 82/n. What is the tens digit of (-39)/s*(0 - -4)?
1
What is the units digit of (-1)/(-2 - -5) + 181/3?
0
Let l = -171 - -83. Let b = -63 - l. What is the tens digit of b?
2
Suppose 27*g + 164 = 31*g. What is the units digit of g?
1
Let o = -191 - -334. What is the hundreds digit of o?
1
Suppose -3*m + 5*j - 240 = -8*m, -j = 3*m - 136. What is the units digit of m?
4
Let v = -8 + 20. What is the units digit of v?
2
Suppose -i + 192 = -2*s - s, -4*i - s + 755 = 0. What is the units digit of i?
9
Suppose 18 = 3*v - 2*f, -6 = -v - 4*f - f. What is the tens digit of 20/v*36/8?
1
What is the units digit of (-9)/18 + 38/4?
9
What is the tens digit of 2/(3 + -5) - -414?
1
Let x(g) = 6 + 5 + g**2 - 5. Let l be x(0). Suppose -c + 1 = -l. What is the units digit of c?
7
What is the tens digit of 1*(51 + 0/(-3))?
5
Let z(k) = -k**3 - k**2 + 2*k + 195. What is the units digit of z(0)?
5
Let m(r) = -90*r**3 + r**2 - 2*r - 3. What is the units digit of m(-1)?
0
Let o(c) be the second derivative of -c**5/20 - 7*c**4/12 - 5*c**3/6 + c. Let x be o(-6). What is the units digit of x*3/6*-2?
6
Let n be (-4)/6*(0 + -3). Suppose u - 5*u = -24. Suppose n - u = -p. What is the units digit of p?
4
Let n(u) = 3*u**2 - 3*u + 7. What is the tens digit of n(-5)?
9
Suppose -3*f - 5 = 2*f. Let k be 8 - (f + 0 - 1). What is the tens digit of (-104)/(-10) + (-4)/k?
1
Let r(j) = 2*j + 2. Let i be r(-5). Let y(v) be the third derivative of v**5/60 + v**4/4 - 5*v**3/6 - 6*v**2. What is the tens digit of y(i)?
1
What is the units digit of 4*(100/8 - 4)?
4
Let k(t) = -t**3 + t + 16. Let f(r) = -1. Let i(h) = 4*f(h) + k(h). Let c(b) = -b - 6. Let n be c(-6). What is the tens digit of i(n)?
1
Let g(r) = -r**3 - 5*r**2 - 6*r - 5. Let j be g(-4). Let n(a) = -a**2 - 5*a + 8. Let z be n(-6). Suppose -z - j = -t. What is the units digit of t?
5
Suppose -5*t = 6*t - 3102. What is the tens digit of t?
8
Suppose -i + 4*o - 26 = 2*i, 4*i + 23 = 3*o. What is the units digit of (3 + -1 + -14)/i?
6
Let f(x) = 4 - 3*x + x**2 + 3 - 4 + 7*x. Let u be f(-4). Suppose -u*q + 7 = -11. What is the units digit of q?
6
Let k be (1 - -1)*(-6)/6. Let x = 21 + k. What is the tens digit of x?
1
Let z(s) = 2*s**2 + 3*s - 1. Let n = -1 + -6. Let x = n - -4. What is the units digit of z(x)?
8
Suppose 5*i - 810 = -0*x + 2*x, 5*i - 840 = -4*x. What is the hundreds digit of i?
1
Let s = 0 + 3. Suppose -2*b + 23 = p, -3*p + 0*p + s*b = -24. What is the tens digit of p?
1
Let x(o) = -5*o + 5. Let h be x(-8). Let j(r) = r**2 + 6*r. Let p be j(-7). Suppose -2*d - h = -p*d. What is the units digit of d?
9
What is the units digit of (-14)/(-49) - ((-1716)/21)/1?
2
Suppose 0*a - 3 = -a. Suppose 2*l + 0*l - 23 = -5*w, a*w = -3*l + 21. Suppose 12 = w*z - 27. What is the units digit of z?
3
Suppose 3*r + 3*n = 723, n - 2 = 3*n. What is the hundreds digit of r?
2
Let n(s) = 11*s + 16. What is the units digit of n(-1)?
5
Let l be 2 - (-3 + 4/2). Let r = l - -7. What is the tens digit of r?
1
Suppose -2*a + 10 = -7*a. Let r = 1 - a. Suppose t + c - 2*c + r = 0, -5*c = -3*t - 17. What is the units digit of t?
1
Let w(h) = -h**2 - 11*h - 6. Let l be w(-5). What is the units digit of (l/(-40))/((-1)/5)?
3
What is the tens digit of (2 + (-1123)/2)*12/(-18)?
7
Let f be (-8)/(-6) - 4/(-6). Suppose -y + 12 = -19. Suppose 1 + f = -a - 4*o, -5*a + 3*o + y = 0. What is the units digit of a?
5
Suppose j - 43 = 11. What is the tens digit of j?
5
Suppose -5*t - 2*o = -25, 0*o + o = -5*t + 20. What is the units digit of 0 + t/(9/12)?
4
Let z = -24 + 43. What is the units digit of z?
9
Let l be 0/((2 + -1)*-1). Suppose 0 = 3*h - j - 11, l*j + 17 = -4*h - 5*j. Let d = 4 + h. What is the units digit of d?
6
Let r be 6/15 - (-333)/5. Suppose -2*x - 4*w + 38 = 0, 0 = -6*x + 2*x + w + r. What is the tens digit of x?
1
Let f(m) = 17*m -